{"id":3574,"date":"2025-05-02T11:51:52","date_gmt":"2025-05-02T16:51:52","guid":{"rendered":"https:\/\/vasospublicitariosperu.com\/tienda\/product\/taza-ceramica-aaa-11oz\/"},"modified":"2026-04-10T15:28:28","modified_gmt":"2026-04-10T20:28:28","slug":"taza-ceramica-aaa-11oz","status":"publish","type":"product","link":"https:\/\/vasospublicitariosperu.com\/tienda\/taza-ceramica-aaa-11oz\/","title":{"rendered":"TAZA CER\u00c1MICA AAA 11OZ."},"content":{"rendered":"<p>MATERIAL: Cer\u00e1mica. Cl\u00e1sica, resistente y elegante. Perfecta para oficinas, hogares o espacios de coworking que buscan un detalle c\u00e1lido y funcional.<br \/>\nCAPACIDAD: 11 onzas. Ideal para una taza de caf\u00e9 matutino, un t\u00e9 relajante o cualquier bebida que acompa\u00f1e la productividad diaria.<br \/>\nIMPRESI\u00d3N: Full color. Personalizaci\u00f3n digital de alta definici\u00f3n que resalta logotipos, frases motivadoras o dise\u00f1os corporativos con impacto visual.<br \/>\nACCESORIOS: N\/A. El dise\u00f1o limpio y directo permite centrar toda la atenci\u00f3n en la identidad de marca.<br \/>\nACABADO: Presentaci\u00f3n en caja de 20 unidades. Excelente para regalos empresariales, campa\u00f1as de fidelizaci\u00f3n o kits de bienvenida.<\/p>\n<hr \/>\n<p>MATERIAL: CERAMICA<br \/>\n CAPACIDAD: 11ONZ<br \/>\n ACCESORIOS: N\/A<br \/>\n IMPRESI\u00d3N: FULL COLOR<br \/>\n ACABADO: CAJA DE 20UNDS<\/p>\n<hr \/>\n","protected":false},"excerpt":{"rendered":"<p>MATERIAL: Cer\u00e1mica. Cl\u00e1sica, resistente y elegante. Perfecta para oficinas, hogares o espacios de coworking que buscan un detalle c\u00e1lido y funcional.<br \/>\nCAPACIDAD: 11 onzas. Ideal para una taza de caf\u00e9 matutino, un t\u00e9 relajante o cualquier bebida que acompa\u00f1e la productividad diaria.<br \/>\nIMPRESI\u00d3N: Full color. Personalizaci\u00f3n digital de alta definici\u00f3n que resalta logotipos, frases motivadoras o dise\u00f1os corporativos con impacto visual.<br \/>\nACCESORIOS: N\/A. El dise\u00f1o limpio y directo permite centrar toda la atenci\u00f3n en la identidad de marca.<br \/>\nACABADO: Presentaci\u00f3n en caja de 20 unidades. Excelente para regalos empresariales, campa\u00f1as de fidelizaci\u00f3n o kits de bienvenida.<\/p>\n","protected":false},"featured_media":3719,"comment_status":"closed","ping_status":"open","template":"","meta":[],"product_brand":[],"product_cat":[70],"product_tag":[],"class_list":{"0":"post-3574","1":"product","2":"type-product","3":"status-publish","4":"has-post-thumbnail","6":"product_cat-catalogo-2025","8":"first","9":"instock","10":"purchasable","11":"product-type-simple"},"_links":{"self":[{"href":"https:\/\/vasospublicitariosperu.com\/tienda\/wp-json\/wp\/v2\/product\/3574","targetHints":{"allow":["GET"]}}],"collection":[{"href":"https:\/\/vasospublicitariosperu.com\/tienda\/wp-json\/wp\/v2\/product"}],"about":[{"href":"https:\/\/vasospublicitariosperu.com\/tienda\/wp-json\/wp\/v2\/types\/product"}],"replies":[{"embeddable":true,"href":"https:\/\/vasospublicitariosperu.com\/tienda\/wp-json\/wp\/v2\/comments?post=3574"}],"wp:featuredmedia":[{"embeddable":true,"href":"https:\/\/vasospublicitariosperu.com\/tienda\/wp-json\/wp\/v2\/media\/3719"}],"wp:attachment":[{"href":"https:\/\/vasospublicitariosperu.com\/tienda\/wp-json\/wp\/v2\/media?parent=3574"}],"wp:term":[{"taxonomy":"product_brand","embeddable":true,"href":"https:\/\/vasospublicitariosperu.com\/tienda\/wp-json\/wp\/v2\/product_brand?post=3574"},{"taxonomy":"product_cat","embeddable":true,"href":"https:\/\/vasospublicitariosperu.com\/tienda\/wp-json\/wp\/v2\/product_cat?post=3574"},{"taxonomy":"product_tag","embeddable":true,"href":"https:\/\/vasospublicitariosperu.com\/tienda\/wp-json\/wp\/v2\/product_tag?post=3574"}],"curies":[{"name":"wp","href":"https:\/\/api.w.org\/{rel}","templated":true}]}}