{"id":3591,"date":"2025-05-02T12:07:10","date_gmt":"2025-05-02T17:07:10","guid":{"rendered":"https:\/\/vasospublicitariosperu.com\/tienda\/product\/mug-ceramica-con-agarradera-de-silicona\/"},"modified":"2026-04-10T15:28:27","modified_gmt":"2026-04-10T20:28:27","slug":"mug-ceramica-con-agarradera-de-silicona","status":"publish","type":"product","link":"https:\/\/vasospublicitariosperu.com\/tienda\/mug-ceramica-con-agarradera-de-silicona\/","title":{"rendered":"MUG CERAMICA CON AGARRADERA DE SILICONA"},"content":{"rendered":"<p>MATERIAL: Cer\u00e1mica, agarradera de goma. Taza de cer\u00e1mica con una agarradera ergon\u00f3mica de goma, ofreciendo comodidad y un mejor agarre, ideal para bebidas calientes o fr\u00edas.<br \/>\nCAPACIDAD: 13.5 oz (aprox.). Ideal para disfrutar de una buena cantidad de tu bebida preferida, como caf\u00e9, t\u00e9, jugos o cualquier otra opci\u00f3n.<br \/>\nIMPRESI\u00d3N: Full color UV DTF. Impresi\u00f3n digital de alta calidad, que garantiza colores vibrantes y una gran resoluci\u00f3n para personalizar con logos, dise\u00f1os o frases.<br \/>\nACCESORIOS: N\/A. Este modelo no incluye accesorios adicionales, centrado en la calidad del material y la impresi\u00f3n.<br \/>\nACABADO: Caja individual de cart\u00f3n blanco. Presentaci\u00f3n pr\u00e1ctica y sofisticada, perfecta para obsequios, eventos o ventas al por mayor.<\/p>\n<hr \/>\n<p>MATERIAL: CERAMICA, AGARRADERA DE GOMA<br \/>\n CAPACIDAD: 13.5ONZ (Aprox.)<br \/>\n ACCESORIOS: N\/A<br \/>\n IMPRESI\u00d3N: FULL COLOR UV DTF<br \/>\n ACABADO: CAJA INDIVIDUAL CARTON BLANCO<\/p>\n<hr \/>\n","protected":false},"excerpt":{"rendered":"<p>MATERIAL: Cer\u00e1mica, agarradera de goma. Taza de cer\u00e1mica con una agarradera ergon\u00f3mica de goma, ofreciendo comodidad y un mejor agarre, ideal para bebidas calientes o fr\u00edas.<br \/>\nCAPACIDAD: 13.5 oz (aprox.). Ideal para disfrutar de una buena cantidad de tu bebida preferida, como caf\u00e9, t\u00e9, jugos o cualquier otra opci\u00f3n.<br \/>\nIMPRESI\u00d3N: Full color UV DTF. Impresi\u00f3n digital de alta calidad, que garantiza colores vibrantes y una gran resoluci\u00f3n para personalizar con logos, dise\u00f1os o frases.<br \/>\nACCESORIOS: N\/A. Este modelo no incluye accesorios adicionales, centrado en la calidad del material y la impresi\u00f3n.<br \/>\nACABADO: Caja individual de cart\u00f3n blanco. Presentaci\u00f3n pr\u00e1ctica y sofisticada, perfecta para obsequios, eventos o ventas al por mayor.<\/p>\n","protected":false},"featured_media":3774,"comment_status":"closed","ping_status":"open","template":"","meta":[],"product_brand":[],"product_cat":[70],"product_tag":[],"class_list":{"0":"post-3591","1":"product","2":"type-product","3":"status-publish","4":"has-post-thumbnail","6":"product_cat-catalogo-2025","8":"first","9":"instock","10":"purchasable","11":"product-type-simple"},"_links":{"self":[{"href":"https:\/\/vasospublicitariosperu.com\/tienda\/wp-json\/wp\/v2\/product\/3591","targetHints":{"allow":["GET"]}}],"collection":[{"href":"https:\/\/vasospublicitariosperu.com\/tienda\/wp-json\/wp\/v2\/product"}],"about":[{"href":"https:\/\/vasospublicitariosperu.com\/tienda\/wp-json\/wp\/v2\/types\/product"}],"replies":[{"embeddable":true,"href":"https:\/\/vasospublicitariosperu.com\/tienda\/wp-json\/wp\/v2\/comments?post=3591"}],"wp:featuredmedia":[{"embeddable":true,"href":"https:\/\/vasospublicitariosperu.com\/tienda\/wp-json\/wp\/v2\/media\/3774"}],"wp:attachment":[{"href":"https:\/\/vasospublicitariosperu.com\/tienda\/wp-json\/wp\/v2\/media?parent=3591"}],"wp:term":[{"taxonomy":"product_brand","embeddable":true,"href":"https:\/\/vasospublicitariosperu.com\/tienda\/wp-json\/wp\/v2\/product_brand?post=3591"},{"taxonomy":"product_cat","embeddable":true,"href":"https:\/\/vasospublicitariosperu.com\/tienda\/wp-json\/wp\/v2\/product_cat?post=3591"},{"taxonomy":"product_tag","embeddable":true,"href":"https:\/\/vasospublicitariosperu.com\/tienda\/wp-json\/wp\/v2\/product_tag?post=3591"}],"curies":[{"name":"wp","href":"https:\/\/api.w.org\/{rel}","templated":true}]}}