{"id":3611,"date":"2025-05-02T12:11:48","date_gmt":"2025-05-02T17:11:48","guid":{"rendered":"https:\/\/vasospublicitariosperu.com\/tienda\/product\/tomatodo-publicitario-modelo-pesa\/"},"modified":"2026-04-10T15:28:27","modified_gmt":"2026-04-10T20:28:27","slug":"tomatodo-publicitario-modelo-pesa","status":"publish","type":"product","link":"https:\/\/vasospublicitariosperu.com\/tienda\/tomatodo-publicitario-modelo-pesa\/","title":{"rendered":"TOMATODO PUBLICITARIO MODELO PESA"},"content":{"rendered":"<p>MATERIAL: Pl\u00e1stico resistente, ideal para el uso diario y con una excelente durabilidad. Perfecto para contener l\u00edquidos y resistir el desgaste.<br \/>\nCAPACIDAD: 500 ml aproximadamente, un tama\u00f1o adecuado para bebidas como agua, jugos, refrescos, o cualquier otra bebida refrescante.<br \/>\nACCESORIOS: N\/A. El dise\u00f1o se mantiene sencillo y pr\u00e1ctico, sin accesorios adicionales, lo que le otorga mayor versatilidad para todo tipo de actividades.<br \/>\nIMPRESI\u00d3N: Serigraf\u00eda de un solo color. Ideal para personalizar el producto con el logo de tu empresa, un mensaje o dise\u00f1o corporativo. Esta impresi\u00f3n asegura una alta calidad y durabilidad.<br \/>\nACABADO: Presentaci\u00f3n en paquete de 25 unidades. Perfecto para compras en mayor volumen, promociones o para eventos corporativos, facilitando la distribuci\u00f3n y optimizaci\u00f3n de costos.<\/p>\n<hr \/>\n<p>MATERIAL: PLASTICO<br \/>\n CAPACIDAD: 500ML LAPROX<br \/>\n ACCESORIOS: N\/A<br \/>\n IMPRESI\u00d3N: SERIGRAFIA SOLO UN COLOR<br \/>\n ACABADO: PAQUETE DE 25 UNDS<\/p>\n<hr \/>\n","protected":false},"excerpt":{"rendered":"<p>MATERIAL: Pl\u00e1stico resistente, ideal para el uso diario y con una excelente durabilidad. Perfecto para contener l\u00edquidos y resistir el desgaste.<br \/>\nCAPACIDAD: 500 ml aproximadamente, un tama\u00f1o adecuado para bebidas como agua, jugos, refrescos, o cualquier otra bebida refrescante.<br \/>\nACCESORIOS: N\/A. El dise\u00f1o se mantiene sencillo y pr\u00e1ctico, sin accesorios adicionales, lo que le otorga mayor versatilidad para todo tipo de actividades.<br \/>\nIMPRESI\u00d3N: Serigraf\u00eda de un solo color. Ideal para personalizar el producto con el logo de tu empresa, un mensaje o dise\u00f1o corporativo. Esta impresi\u00f3n asegura una alta calidad y durabilidad.<br \/>\nACABADO: Presentaci\u00f3n en paquete de 25 unidades. Perfecto para compras en mayor volumen, promociones o para eventos corporativos, facilitando la distribuci\u00f3n y optimizaci\u00f3n de costos.<\/p>\n","protected":false},"featured_media":3838,"comment_status":"closed","ping_status":"open","template":"","meta":[],"product_brand":[],"product_cat":[70],"product_tag":[],"class_list":{"0":"post-3611","1":"product","2":"type-product","3":"status-publish","4":"has-post-thumbnail","6":"product_cat-catalogo-2025","8":"first","9":"instock","10":"purchasable","11":"product-type-simple"},"_links":{"self":[{"href":"https:\/\/vasospublicitariosperu.com\/tienda\/wp-json\/wp\/v2\/product\/3611","targetHints":{"allow":["GET"]}}],"collection":[{"href":"https:\/\/vasospublicitariosperu.com\/tienda\/wp-json\/wp\/v2\/product"}],"about":[{"href":"https:\/\/vasospublicitariosperu.com\/tienda\/wp-json\/wp\/v2\/types\/product"}],"replies":[{"embeddable":true,"href":"https:\/\/vasospublicitariosperu.com\/tienda\/wp-json\/wp\/v2\/comments?post=3611"}],"wp:featuredmedia":[{"embeddable":true,"href":"https:\/\/vasospublicitariosperu.com\/tienda\/wp-json\/wp\/v2\/media\/3838"}],"wp:attachment":[{"href":"https:\/\/vasospublicitariosperu.com\/tienda\/wp-json\/wp\/v2\/media?parent=3611"}],"wp:term":[{"taxonomy":"product_brand","embeddable":true,"href":"https:\/\/vasospublicitariosperu.com\/tienda\/wp-json\/wp\/v2\/product_brand?post=3611"},{"taxonomy":"product_cat","embeddable":true,"href":"https:\/\/vasospublicitariosperu.com\/tienda\/wp-json\/wp\/v2\/product_cat?post=3611"},{"taxonomy":"product_tag","embeddable":true,"href":"https:\/\/vasospublicitariosperu.com\/tienda\/wp-json\/wp\/v2\/product_tag?post=3611"}],"curies":[{"name":"wp","href":"https:\/\/api.w.org\/{rel}","templated":true}]}}