{"id":3621,"date":"2025-05-02T12:13:42","date_gmt":"2025-05-02T17:13:42","guid":{"rendered":"https:\/\/vasospublicitariosperu.com\/tienda\/product\/vaso-kero-10-onz-con-logo-publicitario\/"},"modified":"2026-04-10T15:28:27","modified_gmt":"2026-04-10T20:28:27","slug":"vaso-kero-10-onz-con-logo-publicitario","status":"publish","type":"product","link":"https:\/\/vasospublicitariosperu.com\/tienda\/vaso-kero-10-onz-con-logo-publicitario\/","title":{"rendered":"VASO KERO 10 onz CON LOGO PUBLICITARIO"},"content":{"rendered":"<p>MATERIAL: Polipropileno, un material ligero y resistente, perfecto para mantener tus bebidas frescas y seguras durante todo el d\u00eda. Su durabilidad asegura que el producto sea ideal para el uso constante.<br \/>\nCAPACIDAD: 10 oz, una medida conveniente para tus bebidas favoritas, como caf\u00e9, t\u00e9 o jugos, brind\u00e1ndote la porci\u00f3n perfecta para cualquier momento del d\u00eda.<br \/>\nACCESORIOS: Sin accesorios adicionales, lo que lo hace a\u00fan m\u00e1s sencillo y pr\u00e1ctico para el uso diario.<br \/>\nIMPRESI\u00d3N: Serigraf\u00eda de un solo color, garantizando una impresi\u00f3n n\u00edtida y de alta calidad para personalizar tu vaso o taza con tu logo, dise\u00f1o o mensaje preferido.<br \/>\nACABADO: Sin acabado adicional, manteniendo el dise\u00f1o funcional y adecuado para todos los d\u00edas.<\/p>\n<hr \/>\n<p>MATERIAL: POLIPROPILENO<br \/>\n CAPACIDAD: 10ONZ<br \/>\n ACCESORIOS: N\/A<br \/>\n IMPRESI\u00d3N: SERIGRAFIA SOLO UN COLOR<br \/>\n ACABADO: N\/A<\/p>\n<hr \/>\n","protected":false},"excerpt":{"rendered":"<p>MATERIAL: Polipropileno, un material ligero y resistente, perfecto para mantener tus bebidas frescas y seguras durante todo el d\u00eda. Su durabilidad asegura que el producto sea ideal para el uso constante.<br \/>\nCAPACIDAD: 10 oz, una medida conveniente para tus bebidas favoritas, como caf\u00e9, t\u00e9 o jugos, brind\u00e1ndote la porci\u00f3n perfecta para cualquier momento del d\u00eda.<br \/>\nACCESORIOS: Sin accesorios adicionales, lo que lo hace a\u00fan m\u00e1s sencillo y pr\u00e1ctico para el uso diario.<br \/>\nIMPRESI\u00d3N: Serigraf\u00eda de un solo color, garantizando una impresi\u00f3n n\u00edtida y de alta calidad para personalizar tu vaso o taza con tu logo, dise\u00f1o o mensaje preferido.<br \/>\nACABADO: Sin acabado adicional, manteniendo el dise\u00f1o funcional y adecuado para todos los d\u00edas.<\/p>\n","protected":false},"featured_media":3872,"comment_status":"closed","ping_status":"open","template":"","meta":[],"product_brand":[],"product_cat":[70],"product_tag":[],"class_list":{"0":"post-3621","1":"product","2":"type-product","3":"status-publish","4":"has-post-thumbnail","6":"product_cat-catalogo-2025","8":"first","9":"instock","10":"product-type-simple"},"_links":{"self":[{"href":"https:\/\/vasospublicitariosperu.com\/tienda\/wp-json\/wp\/v2\/product\/3621","targetHints":{"allow":["GET"]}}],"collection":[{"href":"https:\/\/vasospublicitariosperu.com\/tienda\/wp-json\/wp\/v2\/product"}],"about":[{"href":"https:\/\/vasospublicitariosperu.com\/tienda\/wp-json\/wp\/v2\/types\/product"}],"replies":[{"embeddable":true,"href":"https:\/\/vasospublicitariosperu.com\/tienda\/wp-json\/wp\/v2\/comments?post=3621"}],"wp:featuredmedia":[{"embeddable":true,"href":"https:\/\/vasospublicitariosperu.com\/tienda\/wp-json\/wp\/v2\/media\/3872"}],"wp:attachment":[{"href":"https:\/\/vasospublicitariosperu.com\/tienda\/wp-json\/wp\/v2\/media?parent=3621"}],"wp:term":[{"taxonomy":"product_brand","embeddable":true,"href":"https:\/\/vasospublicitariosperu.com\/tienda\/wp-json\/wp\/v2\/product_brand?post=3621"},{"taxonomy":"product_cat","embeddable":true,"href":"https:\/\/vasospublicitariosperu.com\/tienda\/wp-json\/wp\/v2\/product_cat?post=3621"},{"taxonomy":"product_tag","embeddable":true,"href":"https:\/\/vasospublicitariosperu.com\/tienda\/wp-json\/wp\/v2\/product_tag?post=3621"}],"curies":[{"name":"wp","href":"https:\/\/api.w.org\/{rel}","templated":true}]}}