{"id":3623,"date":"2025-05-02T12:13:42","date_gmt":"2025-05-02T17:13:42","guid":{"rendered":"https:\/\/vasospublicitariosperu.com\/tienda\/product\/whiskero-liviano-12-onz-con-logo-publicitario\/"},"modified":"2026-04-10T15:28:27","modified_gmt":"2026-04-10T20:28:27","slug":"whiskero-liviano-12-onz-con-logo-publicitario","status":"publish","type":"product","link":"https:\/\/vasospublicitariosperu.com\/tienda\/whiskero-liviano-12-onz-con-logo-publicitario\/","title":{"rendered":"WHISKERO LIVIANO 12 onz CON LOGO PUBLICITARIO"},"content":{"rendered":"<p>MATERIAL: Polipropileno, un material de alta resistencia que garantiza durabilidad y ligereza, perfecto para productos de uso diario, con una gran capacidad para resistir el paso del tiempo y los posibles impactos.<br \/>\nCAPACIDAD: 12 onzas, ideal para bebidas fr\u00edas o calientes. Perfecto para el consumo individual de jugos, refrescos o caf\u00e9s.<br \/>\nACCESORIOS: No incluye accesorios adicionales, lo que lo hace a\u00fan m\u00e1s pr\u00e1ctico y funcional para quienes prefieren un dise\u00f1o simple y sin complicaciones.<br \/>\nIMPRESI\u00d3N: Serigraf\u00eda de un solo color, lo que permite una personalizaci\u00f3n n\u00edtida y clara, ideal para agregar un toque de marca, logo o mensaje especial.<br \/>\nACABADO: Sin acabado adicional, manteniendo el producto accesible y con un dise\u00f1o directo que lo hace funcional para su uso diario.<\/p>\n<hr \/>\n<p>MATERIAL: POLIPROPILENO<br \/>\n CAPACIDAD: 12 ONZ<br \/>\n ACCESORIOS: N\/A<br \/>\n IMPRESI\u00d3N: SERIGRAFIA SOLO UN COLOR<br \/>\n ACABADO: N\/A<\/p>\n<hr \/>\n","protected":false},"excerpt":{"rendered":"<p>MATERIAL: Polipropileno, un material de alta resistencia que garantiza durabilidad y ligereza, perfecto para productos de uso diario, con una gran capacidad para resistir el paso del tiempo y los posibles impactos.<br \/>\nCAPACIDAD: 12 onzas, ideal para bebidas fr\u00edas o calientes. Perfecto para el consumo individual de jugos, refrescos o caf\u00e9s.<br \/>\nACCESORIOS: No incluye accesorios adicionales, lo que lo hace a\u00fan m\u00e1s pr\u00e1ctico y funcional para quienes prefieren un dise\u00f1o simple y sin complicaciones.<br \/>\nIMPRESI\u00d3N: Serigraf\u00eda de un solo color, lo que permite una personalizaci\u00f3n n\u00edtida y clara, ideal para agregar un toque de marca, logo o mensaje especial.<br \/>\nACABADO: Sin acabado adicional, manteniendo el producto accesible y con un dise\u00f1o directo que lo hace funcional para su uso diario.<\/p>\n","protected":false},"featured_media":3880,"comment_status":"closed","ping_status":"open","template":"","meta":[],"product_brand":[],"product_cat":[70],"product_tag":[],"class_list":{"0":"post-3623","1":"product","2":"type-product","3":"status-publish","4":"has-post-thumbnail","6":"product_cat-catalogo-2025","8":"first","9":"instock","10":"product-type-simple"},"_links":{"self":[{"href":"https:\/\/vasospublicitariosperu.com\/tienda\/wp-json\/wp\/v2\/product\/3623","targetHints":{"allow":["GET"]}}],"collection":[{"href":"https:\/\/vasospublicitariosperu.com\/tienda\/wp-json\/wp\/v2\/product"}],"about":[{"href":"https:\/\/vasospublicitariosperu.com\/tienda\/wp-json\/wp\/v2\/types\/product"}],"replies":[{"embeddable":true,"href":"https:\/\/vasospublicitariosperu.com\/tienda\/wp-json\/wp\/v2\/comments?post=3623"}],"wp:featuredmedia":[{"embeddable":true,"href":"https:\/\/vasospublicitariosperu.com\/tienda\/wp-json\/wp\/v2\/media\/3880"}],"wp:attachment":[{"href":"https:\/\/vasospublicitariosperu.com\/tienda\/wp-json\/wp\/v2\/media?parent=3623"}],"wp:term":[{"taxonomy":"product_brand","embeddable":true,"href":"https:\/\/vasospublicitariosperu.com\/tienda\/wp-json\/wp\/v2\/product_brand?post=3623"},{"taxonomy":"product_cat","embeddable":true,"href":"https:\/\/vasospublicitariosperu.com\/tienda\/wp-json\/wp\/v2\/product_cat?post=3623"},{"taxonomy":"product_tag","embeddable":true,"href":"https:\/\/vasospublicitariosperu.com\/tienda\/wp-json\/wp\/v2\/product_tag?post=3623"}],"curies":[{"name":"wp","href":"https:\/\/api.w.org\/{rel}","templated":true}]}}