{"id":3890,"date":"2025-05-02T12:20:43","date_gmt":"2025-05-02T17:20:43","guid":{"rendered":"https:\/\/vasospublicitariosperu.com\/tienda\/posavasos-de-neopreno-publicitario\/"},"modified":"2026-04-10T15:28:27","modified_gmt":"2026-04-10T20:28:27","slug":"posavasos-de-neopreno-publicitario","status":"publish","type":"product","link":"https:\/\/vasospublicitariosperu.com\/tienda\/posavasos-de-neopreno-publicitario\/","title":{"rendered":"POSAVASOS DE NEOPRENO PUBLICITARIO"},"content":{"rendered":"<p>Los Posavasos de Neopreno est\u00e1n hechos de neopreno y tienen un di\u00e1metro de 10 cm. Se pueden personalizar mediante sublimaci\u00f3n a full color, garantizando un acabado vibrante y de calidad. Son ideales para uso personal o promocional, ofreciendo una forma efectiva y atractiva de proteger superficies mientras exhibes tu dise\u00f1o.<\/p>\n<hr \/>\n<p>MATERIAL: NEOPRENO<br \/>\nMEDIDA: 10 CM DIAMETRO<br \/>\nACCESORIOS: N\/A<br \/>\nIMPRESI\u00d3N: SUBLIMACI\u00d3N  FULL COLOR<br \/>\nACABADO: DISE\u00d1O A ELEGIR POR EL CLIENTE<\/p>\n<hr \/>\n","protected":false},"excerpt":{"rendered":"<p>Los Posavasos de Neopreno est\u00e1n hechos de neopreno y tienen un di\u00e1metro de 10 cm. Se pueden personalizar mediante sublimaci\u00f3n a full color, garantizando un acabado vibrante y de calidad. Son ideales para uso personal o promocional, ofreciendo una forma efectiva y atractiva de proteger superficies mientras exhibes tu dise\u00f1o.<\/p>\n","protected":false},"featured_media":3891,"comment_status":"closed","ping_status":"open","template":"","meta":[],"product_brand":[],"product_cat":[70],"product_tag":[],"class_list":{"0":"post-3890","1":"product","2":"type-product","3":"status-publish","4":"has-post-thumbnail","6":"product_cat-catalogo-2025","8":"first","9":"instock","10":"purchasable","11":"product-type-simple"},"_links":{"self":[{"href":"https:\/\/vasospublicitariosperu.com\/tienda\/wp-json\/wp\/v2\/product\/3890","targetHints":{"allow":["GET"]}}],"collection":[{"href":"https:\/\/vasospublicitariosperu.com\/tienda\/wp-json\/wp\/v2\/product"}],"about":[{"href":"https:\/\/vasospublicitariosperu.com\/tienda\/wp-json\/wp\/v2\/types\/product"}],"replies":[{"embeddable":true,"href":"https:\/\/vasospublicitariosperu.com\/tienda\/wp-json\/wp\/v2\/comments?post=3890"}],"wp:featuredmedia":[{"embeddable":true,"href":"https:\/\/vasospublicitariosperu.com\/tienda\/wp-json\/wp\/v2\/media\/3891"}],"wp:attachment":[{"href":"https:\/\/vasospublicitariosperu.com\/tienda\/wp-json\/wp\/v2\/media?parent=3890"}],"wp:term":[{"taxonomy":"product_brand","embeddable":true,"href":"https:\/\/vasospublicitariosperu.com\/tienda\/wp-json\/wp\/v2\/product_brand?post=3890"},{"taxonomy":"product_cat","embeddable":true,"href":"https:\/\/vasospublicitariosperu.com\/tienda\/wp-json\/wp\/v2\/product_cat?post=3890"},{"taxonomy":"product_tag","embeddable":true,"href":"https:\/\/vasospublicitariosperu.com\/tienda\/wp-json\/wp\/v2\/product_tag?post=3890"}],"curies":[{"name":"wp","href":"https:\/\/api.w.org\/{rel}","templated":true}]}}