{"id":3955,"date":"2025-05-02T12:28:08","date_gmt":"2025-05-02T17:28:08","guid":{"rendered":"https:\/\/vasospublicitariosperu.com\/tienda\/soporte-de-bebida-de-playa\/"},"modified":"2026-04-10T15:28:26","modified_gmt":"2026-04-10T20:28:26","slug":"soporte-de-bebida-de-playa","status":"publish","type":"product","link":"https:\/\/vasospublicitariosperu.com\/tienda\/soporte-de-bebida-de-playa\/","title":{"rendered":"SOPORTE DE BEBIDA DE PLAYA"},"content":{"rendered":"<p>MATERIAL: Polipropileno (PPT) y Folcote, materiales resistentes y ligeros, dise\u00f1ados para soportar el calor y la humedad sin perder su forma. Perfectos para uso en exteriores, como playas o piscinas.<br \/>\nMEDIDAS: 21 cm de largo por 9.5 cm de ancho, con un tama\u00f1o adecuado para sostener bebidas de tama\u00f1o est\u00e1ndar de manera segura y c\u00f3moda.<br \/>\nACCESORIOS: No incluye accesorios adicionales, lo que lo hace a\u00fan m\u00e1s funcional y f\u00e1cil de usar, sin complicaciones.<br \/>\nIMPRESI\u00d3N: Serigraf\u00eda, ideal para personalizar con logotipos o mensajes publicitarios, brindando una excelente visibilidad en espacios al aire libre.<br \/>\nACABADO: Sin acabado adicional, manteniendo un dise\u00f1o sencillo y pr\u00e1ctico para un uso diario en actividades recreativas.<\/p>\n<hr \/>\n<p>MATERIAL: PPT Y FOLCOTE<br \/>\nMEDIDAS: 21 CM \/ 9.5 CM<br \/>\nACCESORIO: N\/A<br \/>\nIMPRESI\u00d3N: SERIGRAFIA<br \/>\nACABADO: N\/A<\/p>\n<hr \/>\n","protected":false},"excerpt":{"rendered":"<p>MATERIAL: Polipropileno (PPT) y Folcote, materiales resistentes y ligeros, dise\u00f1ados para soportar el calor y la humedad sin perder su forma. Perfectos para uso en exteriores, como playas o piscinas.<br \/>\nMEDIDAS: 21 cm de largo por 9.5 cm de ancho, con un tama\u00f1o adecuado para sostener bebidas de tama\u00f1o est\u00e1ndar de manera segura y c\u00f3moda.<br \/>\nACCESORIOS: No incluye accesorios adicionales, lo que lo hace a\u00fan m\u00e1s funcional y f\u00e1cil de usar, sin complicaciones.<br \/>\nIMPRESI\u00d3N: Serigraf\u00eda, ideal para personalizar con logotipos o mensajes publicitarios, brindando una excelente visibilidad en espacios al aire libre.<br \/>\nACABADO: Sin acabado adicional, manteniendo un dise\u00f1o sencillo y pr\u00e1ctico para un uso diario en actividades recreativas.<\/p>\n","protected":false},"featured_media":3956,"comment_status":"closed","ping_status":"open","template":"","meta":[],"product_brand":[],"product_cat":[70],"product_tag":[],"class_list":{"0":"post-3955","1":"product","2":"type-product","3":"status-publish","4":"has-post-thumbnail","6":"product_cat-catalogo-2025","8":"first","9":"instock","10":"product-type-simple"},"_links":{"self":[{"href":"https:\/\/vasospublicitariosperu.com\/tienda\/wp-json\/wp\/v2\/product\/3955","targetHints":{"allow":["GET"]}}],"collection":[{"href":"https:\/\/vasospublicitariosperu.com\/tienda\/wp-json\/wp\/v2\/product"}],"about":[{"href":"https:\/\/vasospublicitariosperu.com\/tienda\/wp-json\/wp\/v2\/types\/product"}],"replies":[{"embeddable":true,"href":"https:\/\/vasospublicitariosperu.com\/tienda\/wp-json\/wp\/v2\/comments?post=3955"}],"wp:featuredmedia":[{"embeddable":true,"href":"https:\/\/vasospublicitariosperu.com\/tienda\/wp-json\/wp\/v2\/media\/3956"}],"wp:attachment":[{"href":"https:\/\/vasospublicitariosperu.com\/tienda\/wp-json\/wp\/v2\/media?parent=3955"}],"wp:term":[{"taxonomy":"product_brand","embeddable":true,"href":"https:\/\/vasospublicitariosperu.com\/tienda\/wp-json\/wp\/v2\/product_brand?post=3955"},{"taxonomy":"product_cat","embeddable":true,"href":"https:\/\/vasospublicitariosperu.com\/tienda\/wp-json\/wp\/v2\/product_cat?post=3955"},{"taxonomy":"product_tag","embeddable":true,"href":"https:\/\/vasospublicitariosperu.com\/tienda\/wp-json\/wp\/v2\/product_tag?post=3955"}],"curies":[{"name":"wp","href":"https:\/\/api.w.org\/{rel}","templated":true}]}}