{"id":3971,"date":"2025-05-02T12:29:07","date_gmt":"2025-05-02T17:29:07","guid":{"rendered":"https:\/\/vasospublicitariosperu.com\/tienda\/caja-de-madera-personalizada-con-2-botellas-de-licor\/"},"modified":"2026-04-10T15:28:26","modified_gmt":"2026-04-10T20:28:26","slug":"caja-de-madera-personalizada-con-2-botellas-de-licor","status":"publish","type":"product","link":"https:\/\/vasospublicitariosperu.com\/tienda\/caja-de-madera-personalizada-con-2-botellas-de-licor\/","title":{"rendered":"CAJA DE MADERA PERSONALIZADA CON 2 BOTELLAS DE LICOR"},"content":{"rendered":"<p>MATERIAL: Madera, duradera y elegante, que proporciona una presentaci\u00f3n sofisticada y protege las botellas de manera segura.<\/p>\n<p>MEDIDAS: 21 cm x 13 cm, un tama\u00f1o compacto que hace la caja perfecta para regalar o presentar el licor de manera atractiva.<\/p>\n<p>INCLUYE: 2 botellas de Pisco Acholado, con capacidad de 450 ml cada una, ofreciendo una opci\u00f3n premium ideal para compartir o disfrutar en ocasiones especiales.<\/p>\n<p>CAPACIDAD: 450 ml por botella, una cantidad perfecta para disfrutar de manera individual o en grupos peque\u00f1os.<\/p>\n<p>IMPRESI\u00d3N: Grabado l\u00e1ser, lo que asegura una personalizaci\u00f3n precisa y duradera, ideal para resaltar logos o mensajes especiales.<\/p>\n<p>ACABADO: Logo personalizado, para un toque exclusivo que convierte la caja en un regalo corporativo o para eventos.<\/p>\n<hr \/>\n<p>MATERIAL: MADERA<br \/>\nMEDIDA: 21 CM X13 CM<br \/>\nINCLUYE:  2 BOTELLAS DE PISCO ACHOLADO<br \/>\nCAPACIDAD: 450ML<br \/>\nIMPRESI\u00d3N: LASER<br \/>\nACABADO: LOGO PERSONALIZADO<\/p>\n<hr \/>\n","protected":false},"excerpt":{"rendered":"<p>MATERIAL: Madera, duradera y elegante, que proporciona una presentaci\u00f3n sofisticada y protege las botellas de manera segura.<\/p>\n<p>MEDIDAS: 21 cm x 13 cm, un tama\u00f1o compacto que hace la caja perfecta para regalar o presentar el licor de manera atractiva.<\/p>\n<p>INCLUYE: 2 botellas de Pisco Acholado, con capacidad de 450 ml cada una, ofreciendo una opci\u00f3n premium ideal para compartir o disfrutar en ocasiones especiales.<\/p>\n<p>CAPACIDAD: 450 ml por botella, una cantidad perfecta para disfrutar de manera individual o en grupos peque\u00f1os.<\/p>\n<p>IMPRESI\u00d3N: Grabado l\u00e1ser, lo que asegura una personalizaci\u00f3n precisa y duradera, ideal para resaltar logos o mensajes especiales.<\/p>\n<p>ACABADO: Logo personalizado, para un toque exclusivo que convierte la caja en un regalo corporativo o para eventos.<\/p>\n","protected":false},"featured_media":3972,"comment_status":"closed","ping_status":"open","template":"","meta":[],"product_brand":[],"product_cat":[70],"product_tag":[],"class_list":{"0":"post-3971","1":"product","2":"type-product","3":"status-publish","4":"has-post-thumbnail","6":"product_cat-catalogo-2025","8":"first","9":"instock","10":"purchasable","11":"product-type-simple"},"_links":{"self":[{"href":"https:\/\/vasospublicitariosperu.com\/tienda\/wp-json\/wp\/v2\/product\/3971","targetHints":{"allow":["GET"]}}],"collection":[{"href":"https:\/\/vasospublicitariosperu.com\/tienda\/wp-json\/wp\/v2\/product"}],"about":[{"href":"https:\/\/vasospublicitariosperu.com\/tienda\/wp-json\/wp\/v2\/types\/product"}],"replies":[{"embeddable":true,"href":"https:\/\/vasospublicitariosperu.com\/tienda\/wp-json\/wp\/v2\/comments?post=3971"}],"wp:featuredmedia":[{"embeddable":true,"href":"https:\/\/vasospublicitariosperu.com\/tienda\/wp-json\/wp\/v2\/media\/3972"}],"wp:attachment":[{"href":"https:\/\/vasospublicitariosperu.com\/tienda\/wp-json\/wp\/v2\/media?parent=3971"}],"wp:term":[{"taxonomy":"product_brand","embeddable":true,"href":"https:\/\/vasospublicitariosperu.com\/tienda\/wp-json\/wp\/v2\/product_brand?post=3971"},{"taxonomy":"product_cat","embeddable":true,"href":"https:\/\/vasospublicitariosperu.com\/tienda\/wp-json\/wp\/v2\/product_cat?post=3971"},{"taxonomy":"product_tag","embeddable":true,"href":"https:\/\/vasospublicitariosperu.com\/tienda\/wp-json\/wp\/v2\/product_tag?post=3971"}],"curies":[{"name":"wp","href":"https:\/\/api.w.org\/{rel}","templated":true}]}}