{"id":3991,"date":"2025-05-02T12:30:04","date_gmt":"2025-05-02T17:30:04","guid":{"rendered":"https:\/\/vasospublicitariosperu.com\/tienda\/jarro-fibra-de-trigo-400ml\/"},"modified":"2026-04-10T15:28:26","modified_gmt":"2026-04-10T20:28:26","slug":"jarro-fibra-de-trigo-400ml","status":"publish","type":"product","link":"https:\/\/vasospublicitariosperu.com\/tienda\/jarro-fibra-de-trigo-400ml\/","title":{"rendered":"JARRO FIBRA DE TRIGO 400ml"},"content":{"rendered":"<p>MATERIAL: Fibra de trigo, un material ecol\u00f3gico y resistente, ideal para quienes buscan productos sostenibles sin sacrificar durabilidad y funcionalidad.<\/p>\n<p>CAPACIDAD: 400 ml, perfecto para una porci\u00f3n generosa de bebidas, ideal para el uso diario en casa, oficina o eventos.<\/p>\n<p>MEDIDAS: Altura de 19 cm y un ancho de 6 cm, ofreciendo un dise\u00f1o c\u00f3modo y f\u00e1cil de manejar.<\/p>\n<p>DESCRIPCI\u00d3N: Fabricado con fibra de trigo, un material ecol\u00f3gico que garantiza un producto resistente y amigable con el medio ambiente, perfecto para quienes buscan opciones sostenibles.<\/p>\n<hr \/>\n<p>Medida Aprox.  Alt: 19 cm  Ancho: 6 cm<br \/>\nCapacidad: 400 ml<br \/>\nDescripci\u00f3n:  Fibra de Trigo<\/p>\n<hr \/>\n","protected":false},"excerpt":{"rendered":"<p>MATERIAL: Fibra de trigo, un material ecol\u00f3gico y resistente, ideal para quienes buscan productos sostenibles sin sacrificar durabilidad y funcionalidad.<\/p>\n<p>CAPACIDAD: 400 ml, perfecto para una porci\u00f3n generosa de bebidas, ideal para el uso diario en casa, oficina o eventos.<\/p>\n<p>MEDIDAS: Altura de 19 cm y un ancho de 6 cm, ofreciendo un dise\u00f1o c\u00f3modo y f\u00e1cil de manejar.<\/p>\n<p>DESCRIPCI\u00d3N: Fabricado con fibra de trigo, un material ecol\u00f3gico que garantiza un producto resistente y amigable con el medio ambiente, perfecto para quienes buscan opciones sostenibles.<\/p>\n","protected":false},"featured_media":3992,"comment_status":"closed","ping_status":"open","template":"","meta":[],"product_brand":[],"product_cat":[70],"product_tag":[],"class_list":{"0":"post-3991","1":"product","2":"type-product","3":"status-publish","4":"has-post-thumbnail","6":"product_cat-catalogo-2025","8":"first","9":"instock","10":"purchasable","11":"product-type-simple"},"_links":{"self":[{"href":"https:\/\/vasospublicitariosperu.com\/tienda\/wp-json\/wp\/v2\/product\/3991","targetHints":{"allow":["GET"]}}],"collection":[{"href":"https:\/\/vasospublicitariosperu.com\/tienda\/wp-json\/wp\/v2\/product"}],"about":[{"href":"https:\/\/vasospublicitariosperu.com\/tienda\/wp-json\/wp\/v2\/types\/product"}],"replies":[{"embeddable":true,"href":"https:\/\/vasospublicitariosperu.com\/tienda\/wp-json\/wp\/v2\/comments?post=3991"}],"wp:featuredmedia":[{"embeddable":true,"href":"https:\/\/vasospublicitariosperu.com\/tienda\/wp-json\/wp\/v2\/media\/3992"}],"wp:attachment":[{"href":"https:\/\/vasospublicitariosperu.com\/tienda\/wp-json\/wp\/v2\/media?parent=3991"}],"wp:term":[{"taxonomy":"product_brand","embeddable":true,"href":"https:\/\/vasospublicitariosperu.com\/tienda\/wp-json\/wp\/v2\/product_brand?post=3991"},{"taxonomy":"product_cat","embeddable":true,"href":"https:\/\/vasospublicitariosperu.com\/tienda\/wp-json\/wp\/v2\/product_cat?post=3991"},{"taxonomy":"product_tag","embeddable":true,"href":"https:\/\/vasospublicitariosperu.com\/tienda\/wp-json\/wp\/v2\/product_tag?post=3991"}],"curies":[{"name":"wp","href":"https:\/\/api.w.org\/{rel}","templated":true}]}}