{"id":4003,"date":"2025-05-02T12:30:04","date_gmt":"2025-05-02T17:30:04","guid":{"rendered":"https:\/\/vasospublicitariosperu.com\/tienda\/tomatodo-de-fibra-de-trigo-con-portacelular\/"},"modified":"2026-04-10T15:28:26","modified_gmt":"2026-04-10T20:28:26","slug":"tomatodo-de-fibra-de-trigo-con-portacelular","status":"publish","type":"product","link":"https:\/\/vasospublicitariosperu.com\/tienda\/tomatodo-de-fibra-de-trigo-con-portacelular\/","title":{"rendered":"TOMATODO DE FIBRA DE TRIGO CON PORTACELULAR"},"content":{"rendered":"<p>MATERIAL: Fibra de trigo, un material ecol\u00f3gico y resistente, combinado con un interior de vidrio que asegura la calidad y durabilidad del producto. Perfecto para quienes buscan alternativas sostenibles y pr\u00e1cticas.<\/p>\n<p>CAPACIDAD: 380 ml, ideal para porciones de bebidas que se pueden disfrutar durante todo el d\u00eda.<\/p>\n<p>DESCRIPCI\u00d3N: Este tomatodo de fibra de trigo cuenta con un interior de vidrio para mantener la bebida en su estado \u00f3ptimo, y un pr\u00e1ctico portacelular integrado para ofrecer mayor comodidad y funcionalidad mientras te mantienes hidratado.<\/p>\n<hr \/>\n<p>Tomatodo fibra de trigo &#8211; interior de vidrio con portacelular:<br \/>\nCap:380 Ml.<\/p>\n<hr \/>\n","protected":false},"excerpt":{"rendered":"<p>MATERIAL: Fibra de trigo, un material ecol\u00f3gico y resistente, combinado con un interior de vidrio que asegura la calidad y durabilidad del producto. Perfecto para quienes buscan alternativas sostenibles y pr\u00e1cticas.<\/p>\n<p>CAPACIDAD: 380 ml, ideal para porciones de bebidas que se pueden disfrutar durante todo el d\u00eda.<\/p>\n<p>DESCRIPCI\u00d3N: Este tomatodo de fibra de trigo cuenta con un interior de vidrio para mantener la bebida en su estado \u00f3ptimo, y un pr\u00e1ctico portacelular integrado para ofrecer mayor comodidad y funcionalidad mientras te mantienes hidratado.<\/p>\n","protected":false},"featured_media":4004,"comment_status":"closed","ping_status":"open","template":"","meta":[],"product_brand":[],"product_cat":[70],"product_tag":[],"class_list":{"0":"post-4003","1":"product","2":"type-product","3":"status-publish","4":"has-post-thumbnail","6":"product_cat-catalogo-2025","8":"first","9":"instock","10":"purchasable","11":"product-type-simple"},"_links":{"self":[{"href":"https:\/\/vasospublicitariosperu.com\/tienda\/wp-json\/wp\/v2\/product\/4003","targetHints":{"allow":["GET"]}}],"collection":[{"href":"https:\/\/vasospublicitariosperu.com\/tienda\/wp-json\/wp\/v2\/product"}],"about":[{"href":"https:\/\/vasospublicitariosperu.com\/tienda\/wp-json\/wp\/v2\/types\/product"}],"replies":[{"embeddable":true,"href":"https:\/\/vasospublicitariosperu.com\/tienda\/wp-json\/wp\/v2\/comments?post=4003"}],"wp:featuredmedia":[{"embeddable":true,"href":"https:\/\/vasospublicitariosperu.com\/tienda\/wp-json\/wp\/v2\/media\/4004"}],"wp:attachment":[{"href":"https:\/\/vasospublicitariosperu.com\/tienda\/wp-json\/wp\/v2\/media?parent=4003"}],"wp:term":[{"taxonomy":"product_brand","embeddable":true,"href":"https:\/\/vasospublicitariosperu.com\/tienda\/wp-json\/wp\/v2\/product_brand?post=4003"},{"taxonomy":"product_cat","embeddable":true,"href":"https:\/\/vasospublicitariosperu.com\/tienda\/wp-json\/wp\/v2\/product_cat?post=4003"},{"taxonomy":"product_tag","embeddable":true,"href":"https:\/\/vasospublicitariosperu.com\/tienda\/wp-json\/wp\/v2\/product_tag?post=4003"}],"curies":[{"name":"wp","href":"https:\/\/api.w.org\/{rel}","templated":true}]}}